{"id":979,"date":"2020-10-01T21:08:52","date_gmt":"2020-10-01T14:08:52","guid":{"rendered":"http:\/\/nongsan.lamgia.asia\/?page_id=979"},"modified":"2025-03-25T09:12:46","modified_gmt":"2025-03-25T02:12:46","slug":"tam-nhin-va-su-menh","status":"publish","type":"page","link":"https:\/\/grasslandvn.com\/?page_id=979","title":{"rendered":"S\u1ee9 m\u1ec7nh v\u00e0 T\u1ea7m Nh\u00ecn"},"content":{"rendered":"<h3><strong>S\u1ee9 m\u1ec7nh<\/strong><\/h3>\n<p>X\u00e2y d\u1ef1ng chu\u1ed7i cung \u1ee9ng n\u00f4ng s\u1ea3n b\u1ec1n v\u1eefng, k\u1ebft n\u1ed1i ng\u01b0\u1eddi n\u00f4ng d\u00e2n v\u1edbi th\u1ecb tr\u01b0\u1eddng, v\u00e0 mang \u0111\u1ebfn cho ng\u01b0\u1eddi ti\u00eau d\u00f9ng nh\u1eefng s\u1ea3n ph\u1ea9m ch\u1ea5t l\u01b0\u1ee3ng cao, c\u00f3 ngu\u1ed3n g\u1ed1c r\u00f5 r\u00e0ng.<\/p>\n<h3><strong>T\u1ea7m nh\u00ecn<\/strong><\/h3>\n<p>Tr\u1edf th\u00e0nh \u0111\u01a1n v\u1ecb ti\u00ean phong trong vi\u1ec7c ph\u00e1t tri\u1ec3n ng\u00e0nh n\u00f4ng nghi\u1ec7p Vi\u1ec7t Nam, cung c\u1ea5p s\u1ea3n ph\u1ea9m ch\u1ea5t l\u01b0\u1ee3ng cao cho ng\u01b0\u1eddi ti\u00eau d\u00f9ng v\u00e0 mang l\u1ea1i gi\u00e1 tr\u1ecb b\u1ec1n v\u1eefng cho ng\u01b0\u1eddi n\u00f4ng d\u00e2n.<\/p>\n","protected":false},"excerpt":{"rendered":"<p>S\u1ee9 m\u1ec7nh X\u00e2y d\u1ef1ng chu\u1ed7i cung \u1ee9ng n\u00f4ng s\u1ea3n b\u1ec1n v\u1eefng, k\u1ebft n\u1ed1i ng\u01b0\u1eddi n\u00f4ng d\u00e2n v\u1edbi th\u1ecb tr\u01b0\u1eddng, v\u00e0 mang \u0111\u1ebfn cho ng\u01b0\u1eddi ti\u00eau d\u00f9ng nh\u1eefng s\u1ea3n ph\u1ea9m ch\u1ea5t l\u01b0\u1ee3ng cao, c\u00f3 ngu\u1ed3n g\u1ed1c r\u00f5 r\u00e0ng. T\u1ea7m nh\u00ecn Tr\u1edf th\u00e0nh \u0111\u01a1n v\u1ecb ti\u00ean phong trong vi\u1ec7c ph\u00e1t tri\u1ec3n ng\u00e0nh n\u00f4ng nghi\u1ec7p Vi\u1ec7t Nam, cung&#8230;<\/p>\n","protected":false},"author":1,"featured_media":0,"parent":0,"menu_order":0,"comment_status":"closed","ping_status":"closed","template":"page-right-sidebar.php","meta":{"footnotes":""},"class_list":["post-979","page","type-page","status-publish","hentry"],"_links":{"self":[{"href":"https:\/\/grasslandvn.com\/index.php?rest_route=\/wp\/v2\/pages\/979","targetHints":{"allow":["GET"]}}],"collection":[{"href":"https:\/\/grasslandvn.com\/index.php?rest_route=\/wp\/v2\/pages"}],"about":[{"href":"https:\/\/grasslandvn.com\/index.php?rest_route=\/wp\/v2\/types\/page"}],"author":[{"embeddable":true,"href":"https:\/\/grasslandvn.com\/index.php?rest_route=\/wp\/v2\/users\/1"}],"replies":[{"embeddable":true,"href":"https:\/\/grasslandvn.com\/index.php?rest_route=%2Fwp%2Fv2%2Fcomments&post=979"}],"version-history":[{"count":2,"href":"https:\/\/grasslandvn.com\/index.php?rest_route=\/wp\/v2\/pages\/979\/revisions"}],"predecessor-version":[{"id":1651,"href":"https:\/\/grasslandvn.com\/index.php?rest_route=\/wp\/v2\/pages\/979\/revisions\/1651"}],"wp:attachment":[{"href":"https:\/\/grasslandvn.com\/index.php?rest_route=%2Fwp%2Fv2%2Fmedia&parent=979"}],"curies":[{"name":"wp","href":"https:\/\/api.w.org\/{rel}","templated":true}]}}